{"id":18316,"date":"2025-02-09T21:28:32","date_gmt":"2025-02-09T21:28:32","guid":{"rendered":"https:\/\/ffforcekapi.com.tr\/?post_type=product&#038;p=18316"},"modified":"2025-12-10T12:38:56","modified_gmt":"2025-12-10T12:38:56","slug":"nice-robus-1500-kapi-motoru-kit-paket","status":"publish","type":"product","link":"https:\/\/ffforcekapi.com.tr\/?product=nice-robus-1500-kapi-motoru-kit-paket","title":{"rendered":"Nice Robus 1500 Kap\u0131 Motoru (Kit Paket)"},"content":{"rendered":"<h2><strong>Nice Run 1500 Kit Motor<\/strong><\/h2>\n<p>&nbsp;<\/p>\n<p>Nice Run serisine ait motorlar, genelde ortalaman\u0131n \u00fcst\u00fcnde kilogramda kap\u0131lar i\u00e7in yo\u011fun kullan\u0131ma uygun \u015fekilde \u00fcretilmi\u015ftir. Nice Robus serisi gibi bol \u00f6zellik ve fonksiyonlar ile donat\u0131lm\u0131\u015ft\u0131r.\u00a0<strong>Nice Run 1500<\/strong>, Run motorlar\u0131n\u0131n en k\u00fc\u00e7\u00fc\u011f\u00fc, fakat en \u00e7ok tercih edilen modelidir.\u00a0<strong>Uzak do\u011fu \u00fcr\u00fcnleri ile kesinlike kar\u015f\u0131la\u015ft\u0131r\u0131lmamas\u0131 gereken<\/strong>, olduk\u00e7a\u00a0<strong>g\u00fcvenli ve stabil<\/strong>\u00a0bir sisteme,\u00a0<strong>uzun bir kullan\u0131m \u00f6mr\u00fcne<\/strong>\u00a0sahip olan bu otomatik kap\u0131 motoru uzun vadede di\u011fer pek \u00e7ok markadan daha tasarruflu bir hale gelmektedir. Robus, Rox ve di\u011fer serilere g\u00f6re Run serisinin kasas\u0131 \u00e7ok daha sa\u011flam, a\u011f\u0131r ve b\u00f6ylesine b\u00fcy\u00fck bir motora yak\u0131\u015facak cinstendir. Nice Run 1500 ve di\u011fer Run serisi motorlar\u0131, di\u011ferlerinden ay\u0131ran en belirleyici \u00f6zellik, t\u00fcm bunlar\u0131n yan\u0131nda kald\u0131rma kapasitesi ve maksimum kap\u0131 uzunlu\u011fu de\u011ferlerinin y\u00fcksek olmas\u0131 ve son derece g\u00fc\u00e7l\u00fc bir motor olmas\u0131d\u0131r. Nice Run 1500 motoruna Kapimotoru.com.tr g\u00fcvencesi ve en uygun fiyat se\u00e7enekleri ile sahip olabilirsiniz.<\/p>\n<p>&nbsp;<\/p>\n<h3><strong>Kit Paket \u00dcr\u00fcn<\/strong><\/h3>\n<p>\u00dcr\u00fcnden maksimum verimi alabilmek, en do\u011fru ve g\u00fcvenli \u015fekilde \u00e7al\u0131\u015fmas\u0131n\u0131 sa\u011flamak i\u00e7in, t\u00fcm \u00e7evre aksesuarlar\u0131 ile birlikte kurulumunu ger\u00e7ekle\u015ftirmeniz gerekmektedir. Kit Paket \u00fcr\u00fcnlerde, motora ait t\u00fcm \u00e7evre aksesuarlar\u0131n\u0131 ve montaj elemanlar\u0131n\u0131 \u00fcr\u00fcn\u00fcn yan\u0131nda tam olarak sat\u0131n alm\u0131\u015f olursunuz. Teker teker almaktan \u00e7ok daha avantajl\u0131 bir fiyata geldi\u011finden neredeyse t\u00fcm kullan\u0131c\u0131lar bu \u015fekilde \u00fcr\u00fcnlere sahip olmakta ve sistemlerini tam verimli \u015fekilde kullanmaktad\u0131r.<\/p>\n<p>&nbsp;<\/p>\n<h3><strong>Nice Run 1500 \u00d6zellikleri<\/strong><\/h3>\n<ul>\n<li>Yava\u015f ba\u015flama yava\u015f durma \u00f6zelli\u011fi mevcuttur<\/li>\n<li>Bluebus g\u00fcvenlik sistemi ile donat\u0131lm\u0131\u015ft\u0131r<\/li>\n<li>Engel tan\u0131ma \u00f6zelli\u011fi bulunmas\u0131 sebebi ile olduk\u00e7a g\u00fcvenlidir<\/li>\n<li>25 CM\/S ayarlanabilir h\u0131z se\u00e7ene\u011fine sahiptir.<\/li>\n<li>24 Volt DC ak\u0131m ile \u00e7al\u0131\u015fmaktad\u0131r ve batarya ba\u011flanabilir<\/li>\n<li>Oview, Solemyo ve di\u011fer bir\u00e7ok sistem ile senkronize \u00e7al\u0131\u015ft\u0131r\u0131labilir<\/li>\n<li><strong>Y\u00fcksek yo\u011funlukta kullan\u0131ma uygundur<\/strong><\/li>\n<\/ul>\n<p><strong>\u00a0<\/strong><\/p>\n<h3><strong>Paket \u0130\u00e7eri\u011fi<\/strong><\/h3>\n<p>&nbsp;<\/p>\n<p>&nbsp;<\/p>\n<ul>\n<li><u><strong>1 Adet Nice Run 1500 Otomatik Kap\u0131 Motoru<\/strong><\/u><\/li>\n<li><u><strong>1 Tak\u0131m Nice EPMB Emniyet Fotoseli<\/strong><\/u><\/li>\n<li><u><strong>1 Adet Nice ELDC Fla\u015f\u00f6r Lamba<\/strong><\/u><\/li>\n<li><u><strong>2 Adet\u00a0Nice SM2 Smilo Kumanda<\/strong><\/u><\/li>\n<li><u><strong>1 Adet Nice OX\u0130 Kumanda Al\u0131c\u0131s\u0131<\/strong><\/u><\/li>\n<li><strong><u>4 Metre\u00a0Kremayer Di\u015fli \u00c7elik 30X8 MM.<\/u><\/strong><\/li>\n<\/ul>\n","protected":false},"excerpt":{"rendered":"<p>Nice Run serisine ait motorlar, genelde ortalaman\u0131n \u00fcst\u00fcnde kilogramda kap\u0131lar i\u00e7in yo\u011fun kullan\u0131ma uygun \u015fekilde \u00fcretilmi\u015ftir. Nice Robus serisi gibi bol \u00f6zellik ve fonksiyonlar ile donat\u0131lm\u0131\u015ft\u0131r.\u00a0<strong>Nice Run 1500<\/strong>, Run motorlar\u0131n\u0131n en k\u00fc\u00e7\u00fc\u011f\u00fc, fakat en \u00e7ok tercih edilen modelidir<\/p>\n","protected":false},"featured_media":18313,"comment_status":"open","ping_status":"closed","template":"","meta":{"jetpack_publicize_message":"","jetpack_publicize_feature_enabled":true,"jetpack_social_post_already_shared":false,"jetpack_social_options":{"image_generator_settings":{"template":"highway","default_image_id":0,"font":"","enabled":false},"version":2}},"product_brand":[],"product_cat":[89],"product_tag":[],"class_list":{"0":"post-18316","1":"product","2":"type-product","3":"status-publish","4":"has-post-thumbnail","6":"product_cat-genel","8":"first","9":"instock","10":"sale","11":"taxable","12":"shipping-taxable","13":"purchasable","14":"product-type-simple"},"jetpack_publicize_connections":[],"jetpack_sharing_enabled":true,"_links":{"self":[{"href":"https:\/\/ffforcekapi.com.tr\/index.php?rest_route=\/wp\/v2\/product\/18316","targetHints":{"allow":["GET"]}}],"collection":[{"href":"https:\/\/ffforcekapi.com.tr\/index.php?rest_route=\/wp\/v2\/product"}],"about":[{"href":"https:\/\/ffforcekapi.com.tr\/index.php?rest_route=\/wp\/v2\/types\/product"}],"replies":[{"embeddable":true,"href":"https:\/\/ffforcekapi.com.tr\/index.php?rest_route=%2Fwp%2Fv2%2Fcomments&post=18316"}],"version-history":[{"count":0,"href":"https:\/\/ffforcekapi.com.tr\/index.php?rest_route=\/wp\/v2\/product\/18316\/revisions"}],"wp:featuredmedia":[{"embeddable":true,"href":"https:\/\/ffforcekapi.com.tr\/index.php?rest_route=\/wp\/v2\/media\/18313"}],"wp:attachment":[{"href":"https:\/\/ffforcekapi.com.tr\/index.php?rest_route=%2Fwp%2Fv2%2Fmedia&parent=18316"}],"wp:term":[{"taxonomy":"product_brand","embeddable":true,"href":"https:\/\/ffforcekapi.com.tr\/index.php?rest_route=%2Fwp%2Fv2%2Fproduct_brand&post=18316"},{"taxonomy":"product_cat","embeddable":true,"href":"https:\/\/ffforcekapi.com.tr\/index.php?rest_route=%2Fwp%2Fv2%2Fproduct_cat&post=18316"},{"taxonomy":"product_tag","embeddable":true,"href":"https:\/\/ffforcekapi.com.tr\/index.php?rest_route=%2Fwp%2Fv2%2Fproduct_tag&post=18316"}],"curies":[{"name":"wp","href":"https:\/\/api.w.org\/{rel}","templated":true}]}}