{"id":18249,"date":"2025-02-09T20:55:29","date_gmt":"2025-02-09T20:55:29","guid":{"rendered":"https:\/\/ffforcekapi.com.tr\/?post_type=product&#038;p=18249"},"modified":"2025-12-10T12:50:23","modified_gmt":"2025-12-10T12:50:23","slug":"bft-deimos-bt-a-600-kapi-motoru-kit-paket","status":"publish","type":"product","link":"https:\/\/ffforcekapi.com.tr\/?product=bft-deimos-bt-a-600-kapi-motoru-kit-paket","title":{"rendered":"BFT Deimos BT A 600 Kap\u0131 Motoru (Kit Paket)"},"content":{"rendered":"<h2><strong>BFT Deimos 600<\/strong><\/h2>\n<p>BFT Deimos 600 kap\u0131 motoru, sekt\u00f6rdeki di\u011fer motorlardan \u00e7ok daha k\u00fc\u00e7\u00fck boyutlara sahip olmas\u0131na ra\u011fmen, i\u015flevselli\u011fiyle b\u00fcy\u00fck bir etki b\u0131rak\u0131r. Bu kompakt motor, dikkat \u00e7ekici detaylar\u0131 ile beraber zarif bir tasar\u0131ma sahiptir ve fonksiyonel \u00f6zellikleriyle \u00f6ne \u00e7\u0131kar. 20 CM\/S h\u0131z se\u00e7ene\u011fi ile ortalama bir h\u0131z sunar. Ayr\u0131ca, 24 Volt DC ak\u0131m ile \u00e7al\u0131\u015fmas\u0131 ile daha esnek bir kullan\u0131m alan\u0131na sahiptir. K\u00fc\u00e7\u00fck boyutuna ra\u011fmen etkileyici performans\u0131 ile kullan\u0131c\u0131lar\u0131n giri\u015f-\u00e7\u0131k\u0131\u015flar\u0131n\u0131 daha verimli ve sorunsuz bir \u015fekilde yapmalar\u0131na olanak tan\u0131yarak zaman ve maliyet tasarrufu sa\u011flar. Ayr\u0131ca sa\u011flam yap\u0131s\u0131yla uzun s\u00fcreli kullan\u0131m i\u00e7in idealdir ve g\u00fcvenilir bir kap\u0131 kontrol deneyimi sunar.<\/p>\n<h3>BFT Deimos 600 Sorunsuz Performans<\/h3>\n<p>BFT Deimos BT A 600 kap\u0131 motoru, sadece k\u00fc\u00e7\u00fck boyutuyla de\u011fil, ayn\u0131 zamanda uzun vadeli, sorunsuz performans\u0131yla da dikkat \u00e7eker. G\u00fc\u00e7l\u00fc teknik \u00f6zellikleri ve dayan\u0131kl\u0131 mekanik yap\u0131s\u0131 sayesinde, zorlu hava ko\u015fullar\u0131nda ve zor kap\u0131larda bile istikrarl\u0131 bir \u015fekilde \u00e7al\u0131\u015fmaya devam eder. Bu motor, kullan\u0131c\u0131lar\u0131n g\u00fcnl\u00fck hayat\u0131n\u0131 kolayla\u015ft\u0131r\u0131rken, kap\u0131lar\u0131n\u0131 daha verimli bir \u015fekilde kullanmalar\u0131na olanak tan\u0131r. Ayr\u0131ca Deimos BT A 600&#8217;\u00fcn g\u00fcvenilirli\u011fi sadece performans\u0131yla s\u0131n\u0131rl\u0131 de\u011fildir. Ayn\u0131 zamanda derin ayarlamara izin veren kapsaml\u0131 kontrol kart\u0131n\u0131n sorunsuz yap\u0131s\u0131 da \u00f6nemli bir etkendir. Herhangi bir sorunla kar\u015f\u0131la\u015f\u0131lmas\u0131 durumunda, Kapimotoru.com.tr g\u00fcvencesi, g\u00fc\u00e7l\u00fc bir teknik destek ekibi ve h\u0131zl\u0131 m\u00fc\u015fteri hizmetleri deste\u011fi her zaman m\u00fc\u015fterilerimizin yan\u0131ndad\u0131r. Bu sayede, kullan\u0131c\u0131lar herhangi bir endi\u015fe duymadan, g\u00f6n\u00fcl rahatl\u0131\u011f\u0131 ile tercih edebilmektedirler.<\/p>\n<h3>Dayan\u0131kl\u0131l\u0131k Ve Uzun \u00d6m\u00fcr<\/h3>\n<p>BFT Deimos BT A 600, sa\u011flam yap\u0131s\u0131 ve g\u00fc\u00e7l\u00fc performans\u0131yla dikkat \u00e7eker. Bu motor, stabil bir performans sergileyerek kullan\u0131c\u0131lar\u0131na g\u00fcven verir ve uzun y\u0131llar boyunca sorunsuz bir \u015fekilde \u00e7al\u0131\u015f\u0131r. Ayr\u0131ca, BFT Hamal kontrol kart\u0131yla desteklenmesi, motorun i\u015flevselli\u011fini art\u0131r\u0131r ve kullan\u0131c\u0131lar\u0131n kap\u0131 \u00fczerinde tam kontrole ve geni\u015fletme se\u00e7eneklerine sahip olmalar\u0131n\u0131 sa\u011flar. Kalite ve g\u00fcvenli \u00e7al\u0131\u015fma Deimos 600&#8217;\u00fcn temel ta\u015f\u0131d\u0131r, sahip oldu\u011fu D-Track ak\u0131ll\u0131 engel tan\u0131ma sistemi ve di\u011fer g\u00fcvenlik \u00f6zellikleri ile bu amaca hizmet eder. DC motor teknolojisi ile donat\u0131lm\u0131\u015f olup yo\u011fun kullan\u0131ma uygundur ve dayan\u0131kl\u0131 malzemelerden \u00fcretilmi\u015f olmas\u0131 sayesinde olduk\u00e7a uzun \u00f6m\u00fcrl\u00fcd\u00fcr, bununla beraber di\u011fer motorlara k\u0131yasla yayg\u0131n olarak tercih edilmesi sebebi ile son derece ekonomik olup fiyat\/performans dengesinde lider \u00fcr\u00fcnlerden biridir.<\/p>\n<h3>G\u00fcvenilir \u0130talyan \u0130\u015f\u00e7ili\u011fi, Kusursuz Destek<\/h3>\n<p>M\u00fc\u015fteri memnuniyeti ve i\u015f ortaklar\u0131m\u0131za de\u011fer katma misyonumuzla hareket ederek uzun vadeli ili\u015fkiler in\u015fa ediyoruz. \u00dcr\u00fcn\u00fcm\u00fcz, g\u00fc\u00e7l\u00fc bir teknik destek ve m\u00fc\u015fteri hizmetleri ekibiyle m\u00fc\u015fterilerimizin her zaman yan\u0131nda olmay\u0131 taahh\u00fct ediyor. Kalite ve g\u00fcvenilirlik ar\u0131yorsan\u0131z, \u0130talyan \u00fcretimi olmas\u0131yla \u00f6ne \u00e7\u0131kan ve 2 y\u0131l garanti kapsam\u0131nda olan BFT Deimos A 600 kap\u0131 motoru tam size g\u00f6re diyebiliriz. Siz de kapimotoru.com.tr g\u00fcvencesiyle en uygun fiyat avantajlar\u0131ndan ve kapsaml\u0131 destek hizmetimizden faydalanarak \u00fcr\u00fcn\u00fc tercih edebilirsiniz.<\/p>\n<p><img fetchpriority=\"high\" decoding=\"async\" class=\"alignnone  wp-image-18253\" src=\"https:\/\/ffforcekapi.com.tr\/wp-content\/uploads\/2025\/02\/bft1-1-e1739134750614-1024x462.webp\" alt=\"\" width=\"1186\" height=\"535\" srcset=\"https:\/\/ffforcekapi.com.tr\/wp-content\/uploads\/2025\/02\/bft1-1-e1739134750614-1024x462.webp 1024w, https:\/\/ffforcekapi.com.tr\/wp-content\/uploads\/2025\/02\/bft1-1-e1739134750614-300x135.webp 300w, https:\/\/ffforcekapi.com.tr\/wp-content\/uploads\/2025\/02\/bft1-1-e1739134750614-768x347.webp 768w, https:\/\/ffforcekapi.com.tr\/wp-content\/uploads\/2025\/02\/bft1-1-e1739134750614-1170x528.webp 1170w, https:\/\/ffforcekapi.com.tr\/wp-content\/uploads\/2025\/02\/bft1-1-e1739134750614-600x271.webp 600w, https:\/\/ffforcekapi.com.tr\/wp-content\/uploads\/2025\/02\/bft1-1-e1739134750614.webp 1280w\" sizes=\"(max-width: 1186px) 100vw, 1186px\" \/><\/p>\n<h3><strong>Kit Paket \u00dcr\u00fcn<\/strong><\/h3>\n<p>\u00dcr\u00fcnden maksimum verimi alabilmek, en do\u011fru ve g\u00fcvenli \u015fekilde \u00e7al\u0131\u015fmas\u0131n\u0131 sa\u011flamak i\u00e7in, t\u00fcm \u00e7evre aksesuarlar\u0131 ile birlikte kurulumunu ger\u00e7ekle\u015ftirmeniz gerekmektedir. Kit Paket \u00fcr\u00fcnlerde, motora ait t\u00fcm \u00e7evre aksesuarlar\u0131n\u0131 ve montaj elemanlar\u0131n\u0131 \u00fcr\u00fcn\u00fcn yan\u0131nda tam olarak sat\u0131n alm\u0131\u015f olursunuz. Teker teker almaktan \u00e7ok daha avantajl\u0131 bir fiyata geldi\u011finden nerdeyse t\u00fcm kullan\u0131c\u0131lar bu \u015fekilde \u00fcr\u00fcnlere sahip olmakta ve sistemlerini tam verimli \u015fekilde kullanmaktad\u0131r.<\/p>\n<p>&nbsp;<\/p>\n<h3><strong>BFT Deimos BT A 600\u00a0\u00d6zellikleri<\/strong><\/h3>\n<ul>\n<li>\u0130talyan men\u015feili ve 2 y\u0131l garantili, kaliteli bir tercihtir<\/li>\n<li>Yava\u015f ba\u015fla yava\u015f dur \u00f6zelli\u011fi mevcuttur<\/li>\n<li>D-Track ak\u0131ll\u0131 engel tan\u0131ma \u00f6zelli\u011fi bulunmaktad\u0131r<\/li>\n<li>20 CM\/S ortalama h\u0131za sahiptir<\/li>\n<li>Motor voltaj\u0131 24 Volt DC ak\u0131m ile \u00e7al\u0131\u015fmaktad\u0131r, bu sayede yo\u011fun olarak kullan\u0131labilir<\/li>\n<li>Maksimum 7 metre ve 600 kilograma kadar kap\u0131lar\u0131 destekler<\/li>\n<li>GSM mod\u00fcl, manyetik dedekt\u00f6r, W\u0130F\u0130 mod\u00fcl gibi geli\u015ftirme mod\u00fcllerini destekler<\/li>\n<li>Yo\u011fun kullan\u0131m \u00f6zelli\u011fi ile site, ofis, fabrika kap\u0131lar\u0131nda tercih edilebilir.<\/li>\n<\/ul>\n<p><strong>\u00a0<\/strong><\/p>\n<h3><strong>Paket \u0130\u00e7eri\u011fi<\/strong><\/h3>\n<ul>\n<li><u><strong>1 Adet\u00a0<\/strong><\/u><strong><u>BFT Deimos BT A 600 Otomatik Kap\u0131 Motoru<\/u><\/strong><\/li>\n<li><u><strong>1 Tak\u0131m BFT Desme Emniyet Fotoseli<\/strong><\/u><\/li>\n<li><u><strong>1 Adet BFT LTA24 Fla\u015f\u00f6r Lamba<\/strong><\/u><\/li>\n<li><strong><u>2 Adet\u00a0<a href=\"https:\/\/kapimotoru.com.tr\/bft-mitto-kumanda-2g\" target=\"_blank\" rel=\"noopener\">BFT Mitto Kumanda<\/a>\u00a0(Kumanda al\u0131c\u0131s\u0131, motor kart\u0131n\u0131n i\u00e7ine entegredir)<\/u><\/strong><\/li>\n<li><strong><u>4 Metre Kremayer Di\u015fli \u00c7elik 30X8 MM.<\/u><\/strong><\/li>\n<\/ul>\n","protected":false},"excerpt":{"rendered":"<p>BFT Deimos 600 kap\u0131 motoru, sekt\u00f6rdeki di\u011fer motorlardan \u00e7ok daha k\u00fc\u00e7\u00fck boyutlara sahip olmas\u0131na ra\u011fmen, i\u015flevselli\u011fiyle b\u00fcy\u00fck bir etki b\u0131rak\u0131r. Bu kompakt motor, dikkat \u00e7ekici detaylar\u0131 ile beraber zarif bir tasar\u0131ma sahiptir ve fonksiyonel \u00f6zellikleriyle \u00f6ne \u00e7\u0131kar.<\/p>\n","protected":false},"featured_media":18231,"comment_status":"open","ping_status":"closed","template":"","meta":{"jetpack_publicize_message":"","jetpack_publicize_feature_enabled":true,"jetpack_social_post_already_shared":false,"jetpack_social_options":{"image_generator_settings":{"template":"highway","default_image_id":0,"font":"","enabled":false},"version":2}},"product_brand":[],"product_cat":[97,89,91],"product_tag":[],"class_list":{"0":"post-18249","1":"product","2":"type-product","3":"status-publish","4":"has-post-thumbnail","6":"product_cat-bftyedekparca","7":"product_cat-genel","8":"product_cat-yanakayarkapimotor","10":"first","11":"instock","12":"sale","13":"taxable","14":"shipping-taxable","15":"purchasable","16":"product-type-simple"},"jetpack_publicize_connections":[],"jetpack_sharing_enabled":true,"_links":{"self":[{"href":"https:\/\/ffforcekapi.com.tr\/index.php?rest_route=\/wp\/v2\/product\/18249","targetHints":{"allow":["GET"]}}],"collection":[{"href":"https:\/\/ffforcekapi.com.tr\/index.php?rest_route=\/wp\/v2\/product"}],"about":[{"href":"https:\/\/ffforcekapi.com.tr\/index.php?rest_route=\/wp\/v2\/types\/product"}],"replies":[{"embeddable":true,"href":"https:\/\/ffforcekapi.com.tr\/index.php?rest_route=%2Fwp%2Fv2%2Fcomments&post=18249"}],"version-history":[{"count":1,"href":"https:\/\/ffforcekapi.com.tr\/index.php?rest_route=\/wp\/v2\/product\/18249\/revisions"}],"predecessor-version":[{"id":18254,"href":"https:\/\/ffforcekapi.com.tr\/index.php?rest_route=\/wp\/v2\/product\/18249\/revisions\/18254"}],"wp:featuredmedia":[{"embeddable":true,"href":"https:\/\/ffforcekapi.com.tr\/index.php?rest_route=\/wp\/v2\/media\/18231"}],"wp:attachment":[{"href":"https:\/\/ffforcekapi.com.tr\/index.php?rest_route=%2Fwp%2Fv2%2Fmedia&parent=18249"}],"wp:term":[{"taxonomy":"product_brand","embeddable":true,"href":"https:\/\/ffforcekapi.com.tr\/index.php?rest_route=%2Fwp%2Fv2%2Fproduct_brand&post=18249"},{"taxonomy":"product_cat","embeddable":true,"href":"https:\/\/ffforcekapi.com.tr\/index.php?rest_route=%2Fwp%2Fv2%2Fproduct_cat&post=18249"},{"taxonomy":"product_tag","embeddable":true,"href":"https:\/\/ffforcekapi.com.tr\/index.php?rest_route=%2Fwp%2Fv2%2Fproduct_tag&post=18249"}],"curies":[{"name":"wp","href":"https:\/\/api.w.org\/{rel}","templated":true}]}}